 - 204*d + 9252. Calculate a(68).
4
Let b(d) = -363*d + 434. What is b(14)?
-4648
Let i(w) = -w**2 - 302*w - 980. Calculate i(-299).
-83
Let p(x) = -x**3 + 167*x**2 - 5914*x - 93. What is p(51)?
9
Let t(c) = -c**3 - 5*c**2 + 290*c + 1705. Calculate t(-6).
1
Let n(k) = k**3 - 34*k**2 - 45*k + 276. Determine n(7).
-1362
Let p(g) = -78*g**2 - 1477*g + 89. Calculate p(-19).
-6
Let v(f) = -f**3 - 9*f**2 + 51*f + 115. What is v(-16)?
1091
Let o(d) = 5*d**2 + 341*d + 5132. What is o(-23)?
-66
Let s(n) = 918*n - 8258. Determine s(9).
4
Let d(x) = -x**2 - 27605*x + 1715363. Give d(62).
9
Let o(b) = b**3 - 28*b**2 - 447*b - 1351. What is o(40)?
-31
Let n(v) = -650*v - 26995. Give n(-44).
1605
Let d(m) = 31*m**3 + 249*m**2 + 180*m + 1375. What is d(-8)?
-1
Let o(m) = -m**3 - 323*m**2 + 987*m + 2934. Calculate o(-326).
0
Let i(r) = -678615*r - 4071717. Determine i(-6).
-27
Let v(w) = 6129*w + 110311. Give v(-18).
-11
Let r(h) = -192*h**2 + 8621*h + 855. Calculate r(45).
0
Let c(h) = 7328*h - 88089. Determine c(12).
-153
Let w(k) = 27*k**2 + 860*k + 225. Determine w(-30).
-1275
Let x(v) = -v**3 + 5*v**2 + 1099*v - 8602. Give x(8).
-2
Let m(k) = -1246*k + 1316. What is m(0)?
1316
Let z(g) = g**3 - 10*g**2 - 39*g - 132. Calculate z(12).
-312
Let c(k) = -k**3 + 20*k**2 - 88*k - 93. Give c(9).
6
Let d(p) = -p**3 + 9*p**2 + 3523*p - 263. Calculate d(64).
-71
Let s(n) = -1061*n - 91162. Determine s(-86).
84
Let h(m) = -m**3 + 220*m**2 + 6663*m - 178. What is h(-27)?
-16
Let p(s) = -2*s**2 - 316*s - 12474. Calculate p(-79).
8
Let f(o) = 333*o + 155. Calculate f(-2).
-511
Let a(m) = -m**2 - 20461*m + 198. Calculate a(0).
198
Let h(w) = -275*w - 31655. What is h(-114)?
-305
Let s(k) = -2085*k + 22911. Give s(11).
-24
Let a(m) = 3540543*m + 3540548. What is a(-1)?
5
Let s(i) = -i**2 + 230*i + 2647. Calculate s(-11).
-4
Let t(m) = m**2 - 39*m - 3957. Give t(-46).
-47
Let b(d) = -d**2 + d + 266. Determine b(-15).
26
Let l(y) = -y**3 - 166*y**2 - y + 93. Give l(0).
93
Let q(b) = 2*b**3 - 17*b**2 + 316*b - 2866. What is q(9)?
59
Let z(k) = -k**3 - 38*k**2 - 319*k + 54. Calculate z(-23).
-544
Let n(o) = 16*o**2 - 2152*o + 23842. Calculate n(11).
2106
Let a(k) = -89*k + 427. Determine a(17).
-1086
Let o(q) = -745*q - 864221. What is o(-1160)?
-21
Let n(l) = -208*l - 152. Give n(-3).
472
Let c(r) = 1233*r - 20950. What is c(17)?
11
Let q(d) = -d**3 + 265*d**2 - 16683*d - 222. Calculate q(162).
264
Let t(p) = 2*p**3 + 78*p**2 - 3039*p - 118506. Calculate t(-39).
15
Let s(t) = -t**3 + 191*t**2 + 4449*t + 4586. Calculate s(-20).
6
Let u(y) = 8066*y + 71670. Determine u(-8).
7142
Let k(h) = h**2 + 37*h - 12944. Determine k(-140).
1476
Let d(p) = p**3 - 26*p**2 - p + 122. What is d(18)?
-2488
Let l(w) = -w**3 + 30*w**2 + 16*w - 287. Determine l(31).
-752
Let o(v) = -23981*v - 743423. Calculate o(-31).
-12
Let s(k) = -3*k**3 + 17*k**2 - 47*k - 95. Determine s(6).
-413
Let a(r) = -r**2 - 306*r - 20294. Give a(-97).
-21
Let n(f) = 11098*f - 943338. What is n(85)?
-8
Let s(a) = -173*a**2 + 1926*a - 255. Give s(11).
-2
Let w(u) = -1870*u - 16055. Calculate w(-9).
775
Let v(q) = 20053*q - 681762. What is v(34)?
40
Let v(f) = 8271*f - 4193310. Determine v(507).
87
Let b(h) = 152*h + 17985. Calculate b(-122).
-559
Let b(a) = -a**3 - 7*a**2 - 2810*a - 22508. What is b(-8)?
36
Let j(k) = -45542*k - 363519. Determine j(-8).
817
Let w(k) = 8577*k - 17102. Give w(2).
52
Let i(l) = 7*l**3 - 2*l**2 + 52*l + 187. Calculate i(-7).
-2676
Let z(u) = -2*u**2 + 267*u + 3120. What is z(144)?
96
Let p(o) = -2*o**2 - 1114*o - 87795. What is p(-95)?
-15
Let d(p) = -377*p**3 + 1132*p**2 - 108*p + 309. Calculate d(3).
-6
Let c(g) = 249821*g - 1249114. Give c(5).
-9
Let l(n) = n**2 + 783*n + 12312. What is l(-16)?
40
Let k(w) = -122*w - 2269. Determine k(-25).
781
Let r(a) = 539*a + 25408. Determine r(-50).
-1542
Let s(b) = -1689*b + 767. Determine s(1).
-922
Let k(b) = b**3 + 22*b**2 + 228*b + 5048. What is k(-22)?
32
Let b(i) = i**2 - 73*i + 674. Give b(47).
-548
Let h(r) = 28126*r - 9169080. Determine h(326).
-4
Let s(z) = 18*z**2 - 191*z - 1688. What is s(16)?
-136
Let l(o) = -o**3 - 109*o**2 + 4511*o - 193. Calculate l(-141).
-52
Let m(q) = q**3 - 40*q**2 + 447*q - 17980. Give m(40).
-100
Let v(b) = -4*b**3 - 69*b**2 - 4*b - 2. What is v(-17)?
-223
Let l(c) = -1390*c - 91737. Calculate l(-66).
3
Let i(h) = -78*h - 19213. What is i(-245)?
-103
Let g(v) = -15*v**3 + 5*v**2 - 1248*v - 3756. Calculate g(-3).
438
Let s(z) = z**3 - 245*z**2 - 2547*z - 352. Give s(255).
413
Let d(h) = -1393*h + 40398. Calculate d(29).
1
Let x(r) = 1298*r + 174003. What is x(-134)?
71
Let a(f) = -f**3 + 457*f**2 + 221823*f + 12791. What is a(752)?
7
Let r(x) = -476*x - 5568. Give r(-9).
-1284
Let s(c) = 41*c**2 - 47711*c + 95419. Determine s(2).
161
Let d(a) = 10*a**3 + 300*a**2 + 22*a + 102. What is d(-30)?
-558
Let c(m) = -m**2 - 90582*m - 634031. Give c(-7).
-6
Let t(r) = 106*r - 2783. Calculate t(36).
1033
Let w(y) = 34481*y - 241376. Determine w(7).
-9
Let t(d) = 31540*d - 725424. Give t(23).
-4
Let z(w) = -2*w**2 - 805*w - 22512. Determine z(-30).
-162
Let m(f) = f**3 - 11*f**2 + 59648*f - 656134. Determine m(11).
-6
Let n(q) = 41*q**2 - 91*q - 122. Calculate n(-4).
898
Let u(a) = -25*a**3 + 16*a**2 - 546*a + 531. Calculate u(1).
-24
Let j(w) = -2*w**3 - 13*w**2 - 120*w - 1360. Calculate j(-10).
540
Let i(k) = 106*k**2 + 463*k - 1946. Calculate i(-7).
7
Let n(a) = 2*a**3 + 40*a**2 + 204*a - 25. Calculate n(-10).
-65
Let y(v) = v**2 - 1597*v - 1962630. What is y(-814)?
-76
Let q(v) = -v**3 - 45*v**2 - 311*v + 360. Give q(-36).
-108
Let o(q) = -4*q**2 + 262*q + 9309. What is o(89)?
943
Let d(m) = 234*m**2 - 599*m - 1. Give d(2).
-263
Let c(u) = -u**3 - 15*u**2 - 5*u + 189. Give c(-11).
-240
Let g(m) = m**3 - 14*m**2 + 9*m + 24. Give g(-4).
-300
Let f(j) = -j**3 + 346*j**2 - 3*j + 959. Give f(346).
-79
Let h(w) = 80*w**2 + 959*w - 934. Determine h(1).
105
Let c(p) = p**3 + 22*p**2 - 505*p - 3078. Give c(-5).
-128
Let g(f) = -f**2 + 318*f - 13168. Calculate g(39).
-2287
Let u(j) = -4818*j - 236096. Calculate u(-49).
-14
Let b(w) = -2308*w + 3793. Determine b(2).
-823
Let x(o) = 861*o - 4983. Determine x(6).
183
Let p(r) = -62432*r + 2559706. Determine p(41).
-6
Let i(l) = 271*l**2 + 225*l - 227. What is i(1)?
269
Let u(b) = -604*b - 33253. What is u(-55)?
-33
Let y(r) = r**3 + 33*r**2 - 483*r - 14458. What is y(-35)?
-3
Let k(h) = 129*h - 1216. Give k(11).
203
Let x(q) = -12*q**2 - 671*q - 143. Calculate x(-51).
2866
Let o(d) = 43472*d + 130431. Calculate o(-3).
15
Let j(h) = -h**2 - 496*h + 27336. Calculate j(50).
36
Let d(t) = -38*t**2 + 1377*t + 1057. Give d(37).
-16
Let l(i) = 3*i**3 - 204*i**2 + 3437*i - 108. Give l(33).
-1032
Let q(m) = -2*m**3 + 131*m**2 - 32*m - 2136. What is q(65)?
9
Let s(t) = 408*t - 36538. Give s(110).
8342
Let j(v) = 758*v**2 + 9102*v + 62. What is j(-12)?
-10
Let j(g) = 19512*g - 1346342. What is j(69)?
-14
Let j(s) = 55*s + 1274. Calculate j(-41).
-981
Let a(h) = -h**3 - 15*h**2 + 447*h + 7296. Determine a(-16).
400
Let d(y) = -y**3 + 14*y**2 - 939*y + 3609. Give d(4).
13
Let n(k) = -18*k**2 + 118*k - 56. What is n(6)?
4
Let j(q) = 10080*q + 4021918. Determine j(-399).
-2
Let z(n) = 380*n + 2163. Give z(-18).
-4677
Let m(a) = -a**3 + 148*a**2 + 122*a + 2057. Calculate m(149).
-1966
Let b(w) = -7737*w - 2135400. Give b(-276).
12
Let s(l) = l**3 + 23*l**2 - 188*l - 303. Give s(-30).
-963
Let l(v) = -14*v**2 + 767*v + 101919. Determine l(117).
12
Let g(w) = -7*w**3 - 1694*w**2 - 81*w - 19594. Give g(-242).
8
Let v(n) = 8*n**2 + 2541*n + 4114. Determine v(-316).
6
Let p(g) = -g**3 + 396*g**2 + 3691*g - 18567. Calculate p(405).
63
Let l(o) = -174*o + 28194. What is l(161)?
180
Let h(g) = -47396*g + 616145. Calculate h(13).
-3
Let z(h) = -10*h**2 + 831*h + 1616. Calculate z(85).
1
Let k(v) = -5403*v - 97218. Calculate k(-18).
36
Let s(z) = 4*z**3 - 235*z**2 + 1754*z - 90. Calculate s(50).
110
Let r(z) = -6*z**2 + 346*z - 3426. Calculate r(44).
182
Let a(b) = -994*b**2 - 10941*b. What is a(-11)?
77
Let m(c) = 2*c**3 - 48*c**2 + 83*c + 916. Calculate m(21).
13
Let z(o) = -o**3 + 92*o**2 - 958*o - 82. What is z(80)?
78
Let u(n) = 29*n**2 + 2843*n - 14968. What is u(5)?
-28
Let m(r) = 2*r**2 + 18